 1566971507 composite?
False
Is 1481247661 a prime number?
True
Is 6864120173 composite?
False
Is 7929859597 a prime number?
False
Is 51867188861 prime?
True
Is 540032593 a composite number?
True
Is 7227259747 composite?
False
Is 147152123 composite?
True
Is 24008771603 prime?
False
Is 137608547 composite?
False
Is 151556837 a composite number?
False
Is 33051028013 a prime number?
True
Is 1753073503 prime?
True
Is 8547307213 prime?
True
Is 54265128373 a composite number?
True
Is 116723567 prime?
False
Is 35397436199 composite?
True
Is 44159780927 composite?
False
Is 9808322461 a composite number?
True
Is 9813164663 a prime number?
False
Is 1455594737 composite?
False
Is 19113652101 a prime number?
False
Is 417638593 composite?
False
Is 1022696183 prime?
False
Is 10296173423 prime?
False
Is 436712089 a composite number?
True
Is 43521297013 composite?
True
Is 8353331407 prime?
False
Is 181254057007 a prime number?
True
Is 1018707353 composite?
False
Is 37726093211 a prime number?
True
Is 2600228087 a prime number?
True
Is 7752715499 a composite number?
False
Is 17720321299 prime?
True
Is 109757803 prime?
True
Is 1117164847 prime?
True
Is 1060000737 a composite number?
True
Is 24908045221 prime?
False
Is 2785203427 a prime number?
True
Is 613680811 a composite number?
False
Is 209754077 composite?
True
Is 120133331 prime?
True
Is 30069384329 composite?
False
Is 80393694133 a composite number?
False
Is 4693588261 a prime number?
False
Is 844611371 a prime number?
False
Is 3414167347 prime?
True
Is 142900139507 a composite number?
True
Is 319859999 a prime number?
True
Is 131599628651 composite?
False
Is 10912367959 a composite number?
True
Is 47497865 a composite number?
True
Is 7248946071 composite?
True
Is 8014195411 composite?
False
Is 2533830763 a prime number?
True
Is 39663709 a composite number?
False
Is 10495739 a prime number?
True
Is 474587983 prime?
True
Is 828015987463 prime?
False
Is 21057906029 composite?
False
Is 5740034371 composite?
False
Is 47660320997 composite?
False
Is 211292924039 a composite number?
False
Is 1609264889 a composite number?
False
Is 20347941457 composite?
False
Is 607698941 composite?
False
Is 5933726503 prime?
True
Is 10421918077 a composite number?
True
Is 2875697471 a prime number?
False
Is 26688953471 a composite number?
True
Is 8536262531 composite?
False
Is 34260861274 a prime number?
False
Is 16752470843 a composite number?
True
Is 806372351 a prime number?
True
Is 308539493 a composite number?
False
Is 2055238006 a prime number?
False
Is 2490340669 a composite number?
True
Is 555809143 prime?
True
Is 9759243941 a composite number?
True
Is 6692582153 a prime number?
True
Is 876901871 a prime number?
False
Is 1759486363 a composite number?
True
Is 8384380387 composite?
False
Is 148474861 composite?
True
Is 1900849753 a prime number?
False
Is 1104577211 a prime number?
False
Is 26449062569 prime?
True
Is 149506667 composite?
False
Is 376134271 a composite number?
True
Is 986635381 a prime number?
True
Is 142423493 a prime number?
True
Is 2239666657 a prime number?
True
Is 9539863493 prime?
False
Is 30658370347 a composite number?
True
Is 36515879639 prime?
True
Is 40742945021 composite?
False
Is 16622174923 a composite number?
True
Is 58749781369 prime?
True
Is 821208417 composite?
True
Is 13055810557 a prime number?
True
Is 18024703633 prime?
True
Is 85343612077 prime?
False
Is 2265521351 prime?
True
Is 46091080117 a composite number?
False
Is 221587765205 a composite number?
True
Is 5623183121 composite?
True
Is 2013413437 a composite number?
True
Is 542002733 composite?
True
Is 489565357 a composite number?
False
Is 23345021785 a composite number?
True
Is 2078112331 a composite number?
False
Is 1043888029 a prime number?
True
Is 725015743 composite?
False
Is 27046193858 prime?
False
Is 100116661 prime?
False
Is 3910382239 a composite number?
True
Is 127770813983 a composite number?
True
Is 4071663469 composite?
True
Is 238583124851 a prime number?
False
Is 23673912571 composite?
True
Is 91775123231 a prime number?
False
Is 2243107569 a prime number?
False
Is 2602005781 a composite number?
False
Is 52956274937 a composite number?
False
Is 97236564869 a prime number?
False
Is 33017293 prime?
False
Is 170373383 a prime number?
False
Is 447746021 a composite number?
False
Is 173592043 prime?
True
Is 46375401367 composite?
False
Is 666309797 a prime number?
True
Is 367497413 a composite number?
False
Is 2295937247 a prime number?
False
Is 617642131 a prime number?
False
Is 468868691 composite?
True
Is 1066494283 composite?
False
Is 3063395731 a prime number?
False
Is 1642196399 a composite number?
False
Is 1063989503 prime?
True
Is 55391704415 a prime number?
False
Is 31527722 composite?
True
Is 400971671 a prime number?
False
Is 431456191 composite?
False
Is 783521815 composite?
True
Is 473228933 a prime number?
False
Is 71256936469 a composite number?
False
Is 313775981 prime?
False
Is 210446159999 a prime number?
True
Is 4738529311 composite?
False
Is 335603803 composite?
False
Is 4747450457 a prime number?
False
Is 148644317 a prime number?
True
Is 703186883 composite?
True
Is 337447667 a prime number?
True
Is 373266119 prime?
True
Is 88519459667 composite?
False
Is 7471451257 a prime number?
True
Is 69791288597 a prime number?
False
Is 137879429 a prime number?
True
Is 1956354047 a composite number?
False
Is 2981868077 composite?
False
Is 433415273 prime?
False
Is 7989668173 a composite number?
False
Is 491379851 a composite number?
True
Is 2805137443 a prime number?
True
Is 384525241 prime?
True
Is 30565072397 a prime number?
True
Is 910917989 prime?
True
Is 18801529841 prime?
True
Is 4601857349 a composite number?
False
Is 2467522705 prime?
False
Is 33997558619 composite?
True
Is 1896900673 prime?
False
Is 278356259 prime?
True
Is 88628153417 a prime number?
True
Is 4697097071 prime?
True
Is 66935167951 a composite number?
False
Is 374211295 a prime number?
False
Is 13278507119 prime?
False
Is 61691947987 a prime number?
True
Is 49868009 a composite number?
False
Is 3492806833 a composite number?
True
Is 574564769 a prime number?
False
Is 6757488391 prime?
False
Is 1682762579 a prime number?
False
Is 5769129449 a composite number?
True
Is 3598238327 prime?
False
Is 6854513333 a prime number?
True
Is 65794756333 a composite number?
False
Is 493130839 prime?
True
Is 1513009741 a composite number?
True
Is 10028579857 a composite number?
True
Is 3164549993 a composite number?
True
Is 169495783 a composite number?
True
Is 202421381 composite?
True
Is 24905978102 composite?
True
Is 28106501237 composite?
True
Is 3357524717 a composite number?
True
Is 1640112641 composite?
False
Is 337578971 a composite number?
False
Is 220835277823 composite?
False
Is 5689612693 a prime number?
False
Is 786824823 prime?
False
Is 16895909651 a composite number?
True
Is 281576117 a composite number?
True
Is 3057205783 prime?
False
Is 7309656637 a composite number?
False
Is 2725545437 a prime number?
False
Is 16724881567 a composite number?
False
Is 61725444587 a prime number?
False
Is 1227121159 a composite number?
True
Is 65661827267 a prime number?
True
Is 6175615757 a composite number?
True
Is 61525596571 prime?
False
Is 622905779 a prime number?
False
Is 24472734277 a composite number?
False
Is 2478390023 prime?
True
Is 3930452962 prime?
False
Is 816133451 prime?
False
Is 799799893 a composite number?
True
Is 8588423517 composite?
True
Is 2574529409 a prime number?
False
Is 341215593 a prime number?
False
Is 2533177069 a composite number?
False
Is 16730078329 a prime number?
True
Is 9588205181 composite?
True
Is 501631271 prime?
True
Is 4318515983 prime?
False
Is 5173965793 composite?
True
Is 1172235923 a composite number?
False
Is 33746286667 a prime number?
False
Is 8229958097 a prime number?
True
Is 216574031 prime?
True
Is 3351712541 composite?
False
Is 82048333579 composite?
True
Is 34036065731 a composite number?
True
Is 23914472081 a composite number?
True
Is 8909139959 a prime number?
True
Is 52328566877 composite?
True
Is 4520387383 a composite number?
True
Is 341442974 composite?
True
Is 5767248919 prime?
False
Is 34498149551 a composite number?
False
Is 480035333 composite?
True
Is 2276545783 a prime numbe